t d be 0 + 933 + -3*(-10)/(-6). What is the greatest common factor of d and 32?
32
Suppose -472*v + 479*v = 455. Calculate the highest common factor of 455 and v.
65
Let l(x) = 35 - 17 + 52 + 139 - 3*x. Let w be l(0). Calculate the greatest common divisor of w and 19.
19
Suppose -3*o = -27 + 54. Let y = o + 14. What is the highest common divisor of 65 and y?
5
Let f = 36 - 25. Let k be -2*-11*(-3)/(-6). Calculate the greatest common divisor of k and f.
11
Let a(r) = 7 + 8*r**2 - 11*r - 8 + 9 + 0*r**2. Let p be a(6). Calculate the highest common divisor of 92 and p.
46
Let a be 15/25 - 7/(-5). Suppose -3*t - a*t = 5*i + 10, -2*i = -2*t + 20. Let r be (i + 5)/((-2)/2). Calculate the greatest common factor of r and 5.
1
Let q(v) = 2*v**2 - 2*v - 2. Let j be q(-1). Let z be j - (-5)/((-20)/(-16)). What is the greatest common factor of 12 and z?
6
Suppose -12*o - 57 = -4269. Calculate the highest common divisor of o and 78.
39
Suppose 5*d = -q - 5, -2*q - 2*d - d - 3 = 0. Let g be (q + 1)/(3/15). What is the greatest common factor of g and 25?
5
Let j(b) = 29*b + 52. Let y be j(10). Calculate the highest common factor of y and 9.
9
Suppose 4*p - 8 = 3*c - 0*p, -p = c - 9. Let y(s) = 2*s. Let g be y(-4). Let q be (-75)/6*g/5. Calculate the highest common divisor of c and q.
4
Let n = 238 - 6. Calculate the greatest common divisor of n and 29.
29
Let z = -344 - -494. What is the greatest common factor of z and 100?
50
Suppose 16375 - 4165 = 11*h. What is the highest common factor of h and 30?
30
Suppose 10*t + 0*t = 30. Let u(n) = -4*n. Let h be u(-3). Calculate the highest common divisor of t and h.
3
Let z = 2 + 3. Suppose -4*n = -z*n. Suppose n = -2*b + 6*b - 140. What is the highest common divisor of 14 and b?
7
Let b(c) = c**3 - 3*c**2 + 7*c + 20. Let p be b(4). Calculate the greatest common divisor of p and 1024.
64
Let v be (-1)/(2/(-66)*(-21)/(-35)). What is the highest common divisor of v and 77?
11
Let o be 1/(2/12) + 2. Let r(y) = o + 6 - y + 0 - 1. Let s be r(9). Calculate the greatest common factor of s and 4.
4
Let f = -35 + 32. Let p be ((1 - 190) + f)*3/(-2). What is the highest common divisor of 36 and p?
36
Let m be 8/(-24) + 28/3. Let r be 4/12*3*m. What is the highest common factor of 45 and r?
9
Suppose 0 = -0*n + 3*n - 1566. Let k = -247 + n. Calculate the greatest common divisor of 25 and k.
25
Let n be 3/(305/(-80) - -4). Suppose -64 = -5*p + 16. What is the highest common factor of p and n?
16
Suppose -433 - 1505 = -17*i. What is the highest common divisor of 741 and i?
57
Let o = -2244 + 3688. What is the greatest common factor of o and 76?
76
Let w be -4*(15/(-4) - 1). Let c(d) = 29*d - 12. Let u be c(5). What is the greatest common divisor of u and w?
19
Let f(l) = -l**2 + 32*l - 227. Let j be f(13). What is the greatest common factor of 220 and j?
20
Let x = 96 - -36. Suppose -x = 18*i - 20*i. Calculate the highest common factor of 44 and i.
22
Let f be 0 - (-7 + 2 + 3). Suppose -5*p + u + 388 = 0, -5*p - f*u - 18 = -397. What is the greatest common divisor of 11 and p?
11
Let j be 1/(-2 + 3) - -41. Let i = -38 + j. Calculate the highest common divisor of 28 and i.
4
Let h(x) = x**2 + 9*x - 10. Let b = -25 + 41. Let g(r) = r**2 - 18*r + 21. Let y be g(b). Let w be h(y). Calculate the greatest common divisor of 4 and w.
4
Let u = 57 + -47. Let q = -6 + u. What is the highest common factor of 6 and q?
2
Let q be 225/12*(-16)/3. Let i = -6 - q. Calculate the highest common factor of i and 141.
47
Let v be ((-546)/(-12))/((-2)/(-12)). What is the highest common divisor of v and 78?
39
Let w(d) = 31*d + 49. Let q be w(8). What is the highest common divisor of 135 and q?
27
Let l(s) = 3*s + 7. Suppose -2*p = -5*r + 21, -3*r - 5*p + p - 3 = 0. Let x be l(r). Calculate the greatest common divisor of x and 24.
8
Suppose 5*p = 8*p - 18. Suppose 0 = -5*g + t + 25, -t + 14 = 4*g - p. What is the greatest common factor of g and 20?
5
Let s(m) be the first derivative of 3*m**2/2 + 45*m - 7. Let h be s(0). Calculate the highest common divisor of h and 9.
9
Suppose 0 = 3*a - 5*x + 19, -4*a - 2*x - 31 = -3*x. Let w = -6 - a. Let n be (-1260)/(-91) - w/(-13). What is the greatest common divisor of 21 and n?
7
Suppose 9*j - 10 = -64. Let i be (84/49)/(j/(-273)). Let v be (-1)/3 + (-314)/(-6). What is the greatest common factor of v and i?
26
Let b(h) = -h - 7. Let r be (12/10)/(12/(-40)). Let u be b(r). Let o(z) = 6*z**2 - z + 3. Let c be o(u). What is the greatest common factor of 12 and c?
12
Let n = 2 + 1. Suppose n*y - 3*t = t + 139, 5*t + 5 = 0. Suppose 0*x - 20 = -4*x. Calculate the highest common factor of y and x.
5
Let k be (20/(-25))/(1 + 381/(-380)). Calculate the highest common divisor of k and 16.
16
Let u = 47 - 45. Suppose -2*i + 666 = -3*b - b, 698 = u*i + 4*b. What is the highest common factor of 31 and i?
31
Suppose -270 = 4*n - 19*n. Calculate the highest common factor of n and 12.
6
Suppose 734 = 2*w + 4*m, 0 = -w + 5*m + 101 + 301. Calculate the greatest common divisor of 29 and w.
29
Let p be -1 + (-3 - -7) + 21. Calculate the greatest common divisor of 300 and p.
12
Suppose -118*n = -122*n + 52. What is the highest common factor of 208 and n?
13
Suppose g + 5*j = 29, -20 = -4*j - 0*j. Suppose 5*i = 2*y - 225, 405 = g*y + i - 2*i. Suppose 9 - 59 = -2*n. Calculate the highest common factor of y and n.
25
Suppose 3*a + 5*n = 5, -5*n - 15 = 2*a - 3*a. Let t(c) = -c**2 + 12*c - 27. Let h be t(8). Calculate the greatest common divisor of a and h.
5
Let u(w) = 70*w + 569. Let q be u(-7). Calculate the highest common divisor of 869 and q.
79
Suppose m = -0 + 4. Suppose -75 = -w - 3*y, 0*y + m*y = 0. What is the greatest common divisor of w and 30?
15
Let t(a) be the first derivative of a**2/2 - 7*a + 4. Let p be t(7). Suppose -4*n + 5*n - 8 = p. What is the greatest common divisor of 12 and n?
4
Let a be (-2 - -5)/(9/12). Suppose a*s - 85 = 3*t + 327, -4*s - 2*t = -392. Calculate the greatest common factor of s and 20.
20
Let j(r) = -3*r + r + r - 9. Let p be j(-4). Let h be (-36)/(-10) + (-2)/p. Calculate the highest common divisor of h and 20.
4
Let a be (-1 + 1 + 137)*(-3 + 8). What is the highest common divisor of a and 5?
5
Let x(q) = q**3 - 5*q**2 + 4*q + 6. Let m be x(5). Suppose 0 = -4*k + 10 + m. Suppose -5*y - 60 = -k*y. What is the highest common factor of y and 60?
15
Suppose -b - 3*b + 64 = 0. Suppose 16*x + 3*a - 708 = 11*x, -3*a = 4*x - 564. Calculate the greatest common factor of b and x.
16
Suppose 30 + 50 = 2*b. Let i = -30 + 90. What is the highest common factor of b and i?
20
Let g be (2 - (-55)/(-10) - -2)*-90. Calculate the highest common divisor of g and 54.
27
Let j be (0 - 1/2)*0. Let n be j/(6/(0 + -3)). Suppose 0 = -p - n*p + 203. What is the greatest common factor of p and 29?
29
Suppose -f - 4*f + 528 = 4*r, -408 = -4*f + 4*r. Let l = f + -80. Calculate the greatest common factor of 36 and l.
12
Suppose 0 = -3*w - q + 385, w + 4*q + 252 = 3*w. What is the greatest common factor of 8 and w?
8
Suppose 110 = 3*m + 2*m. Let b(a) = -a**2 - 14*a + 86. Let l be b(-12). What is the greatest common factor of l and m?
22
Suppose 13*h - 403 = 117. What is the greatest common divisor of 56 and h?
8
Suppose -155 = -2*t + 115. Let i = 75 + -25. Suppose 3*r - 2*u = 8*r - t, -3*r + 5*u + i = 0. What is the greatest common factor of 5 and r?
5
Suppose -81*n = 257*n - 13520. Let b(x) = -4*x + 4. Let j be b(-4). Calculate the greatest common factor of n and j.
20
Suppose -9*z + 1121 = -4*z - 2*y, 5*z - 1129 = -2*y. What is the greatest common factor of 135 and z?
45
Let g = 28 - -110. Suppose -2*l = -0*l + 2*i - g, 3*i + 321 = 5*l. Suppose -104*h + 18 = -101*h. What is the greatest common divisor of l and h?
6
Let j be 0 + 67 - (-5 + (-16)/(-4)). Calculate the highest common divisor of 289 and j.
17
Let s(q) = -11*q + 7. Suppose 5*i + 24 = m - 2*m, 5*m + 2*i = -120. Let g be 3/m - (-46)/(-16). Let k be s(g). What is the greatest common factor of k and 8?
8
Let t be (44/10 - 3/(-5)) + 1066. Calculate the greatest common divisor of t and 63.
63
Let o(s) = -59*s - 76. Let l be o(-4). What is the highest common factor of l and 10?
10
Let j(x) = -x**3 + 14*x**2 - 11*x + 2. Let v be j(13). Let r(c) = 5*c**2 - 5*c - 4